114. Let w be k(-9). Let i = 1034 - w. List the prime factors of i.
2, 307
Let p be (4/(-3))/4*-6. Let q be (-118)/(-4) + 3/p. Suppose c + q = x, -152 = -5*x + 4*c - 2*c. List the prime factors of x.
2, 3, 5
Let m = 4305 + 9167. What are the prime factors of m?
2, 421
Let a = -182 - -188. Let k(c) = 10*c + 41. What are the prime factors of k(a)?
101
Let u = 799 - 1882. Let f = u + 1582. What are the prime factors of f?
499
Suppose 6*p + 468 = 7*p. Suppose 8*i = 12*i - p. Let y = -51 + i. What are the prime factors of y?
2, 3, 11
Let r(i) = i**2 - i - 1. Let g(b) = 3*b**2 - 6*b - 3. Let t(d) = g(d) - 4*r(d). Let v be t(-2). What are the prime factors of 681/12 + v/4?
3, 19
Suppose -2506176 = -45*q - 307836. List the prime factors of q.
2, 3, 23, 59
Suppose 0 = 5*c - 5*s - 43360, 4*s = -4*c + 6*c - 17354. Suppose 21*v + c = 41553. List the prime factors of v.
2, 3, 29
Let j be 0/2 + 0 + 0. Suppose d + 4*d + i - 590 = j, 25 = -5*i. Suppose 0*p = p - 4*w - 82, -2*p - w = -d. What are the prime factors of p?
2, 31
Suppose -u + 27874 = -9*g + 12*g, -11*g = -66. What are the prime factors of u?
2, 1741
Suppose -1611 = 517*a - 518*a. Suppose -7275 = -24*t - a. What are the prime factors of t?
2, 59
Suppose 23 = 4*l - a, -2*l - 2*a - 1 + 15 = 0. Suppose m - 3*m + 2*t + 18 = 0, -2*m + l = 4*t. Let z(b) = 6*b + 6. List the prime factors of z(m).
2, 3
Suppose -4*c - 4*z + 1840 = 0, -33*z = -3*c - 28*z + 1420. Suppose -3*n + 89 = -2*n. Suppose 4*w + n = c. What are the prime factors of w?
2, 47
Suppose -24*l + 85389 - 2349 = 0. List the prime factors of l.
2, 5, 173
Suppose -7*u + 22 + 97 = 0. Suppose 5*g + 2*c - 2488 = 0, -u*c + 5 = -22*c. What are the prime factors of g?
2, 3, 83
Let m be 6/4*(168/18 - 6). Suppose -2*k - 43*v + 48*v + 1091 = 0, 0 = -k + m*v + 558. What are the prime factors of k?
13, 41
Suppose -p = f + 4*f - 8103, 0 = -3*f - 5*p + 4853. Let k = -1156 + f. What are the prime factors of k?
3, 5, 31
Suppose -5*g - 4*p = -g + 200, 5*p = -4*g - 205. Let j = -43 - g. Let n(w) = 44*w**2 + 4. What are the prime factors of n(j)?
2, 3, 5
Let r = 468 - 251. Let g = r - 110. List the prime factors of g.
107
Let w(g) = g - 1. Let r(k) = 12*k - 17. Let t(v) = r(v) - 6*w(v). Let j be t(-4). What are the prime factors of (-984)/(-10) + (-21)/j?
3, 11
Let z(d) = 336*d + 2714. List the prime factors of z(67).
2, 12613
Let n(d) = 8*d - 170. Let g be n(27). Suppose -51*h - 2870 = -5*k - g*h, 2*h = 5*k - 2882. List the prime factors of k.
2, 17
Suppose -4*s + 10413 = 3197. Suppose 0*q + 2*q = 4*y + s, -4*q + 5*y = -3617. Let d = q + -645. What are the prime factors of d?
263
Let v(x) = x - 30 + 2*x - x. Suppose 35 = -20*y + 395. What are the prime factors of v(y)?
2, 3
Let o be 3/(-6)*(0 + -252). Let x = o - 80. Let j = x - -4. What are the prime factors of j?
2, 5
Let k = -195 - -194. List the prime factors of 18/(-14) - k - (-205392)/336.
13, 47
Suppose 11*p + 1509468 - 139119 = 118*p. What are the prime factors of p?
3, 1423
Suppose 3*i + 183 = 627. Suppose -462 = -i*j + 145*j. What are the prime factors of j?
2, 7, 11
Let a(z) = z**3 + 89*z**2 - 20*z + 165. List the prime factors of a(-86).
7, 19, 181
What are the prime factors of (-295116)/(-32) + (-3)/8?
2, 3, 29, 53
Let o = -112 + 120. Let c be (-8)/o + (-3 - -2). What are the prime factors of (-6 + 5)*42/c*2?
2, 3, 7
Suppose -5*z + 23*a + 104 = 20*a, -3*z - a + 68 = 0. Suppose 5*h - 25*y - 3016 = -z*y, 4*h + 5*y = 2435. What are the prime factors of h?
5, 11
Let s = -97 - -71. Let g(d) = -2*d**2 - 56*d + 68. What are the prime factors of g(s)?
2, 43
What are the prime factors of 40/24*(-24)/(-15)*3810/4?
2, 5, 127
Let m(b) = -b**3 - 7*b**2 - 9*b - 8. Let a be m(-6). Let h = 28 - a. List the prime factors of (-66)/(-1)*h/27.
2, 11
Suppose -4*b + 2*y + 77798 = 0, 58338 = 3*b - 72*y + 69*y. What are the prime factors of b?
7, 397
Let z be (-1*1)/(-10 - 66/(-6)). List the prime factors of (-4)/(8 - 10) - 133/z.
3, 5
Let r = 5345 - 3409. Suppose -r = 23*d - 25*d. Suppose -b = 5*m - d, -3*m + 21 = 2*b - 557. What are the prime factors of m?
2, 97
Let l(q) = -q**3 + 5*q**2 + 3*q + 16. Let j be l(6). Let i(a) = -7*a**3 + 5*a**2 + 9*a + 2. What are the prime factors of i(j)?
2, 3, 5
Suppose 2*u + 2*g = 6, -2*g - 6 = -4*u - 3*g. Let t be -3*u + 22 + -1. List the prime factors of 4/t + (-5004)/(-81).
2, 31
Let s = 2186 + -511. Suppose s = 4*d + d. Suppose 8 = 2*a, 3*f + 2*a = -0*f + d. List the prime factors of f.
109
Let d = 17450 + 7061. What are the prime factors of d?
127, 193
Let l(v) = -v**2 + 6*v + 6. Let m be l(7). Let u be (0 - (0 - m)) + 2/2. Suppose 2*i - 26 = o + 45, u = 2*i + o - 65. What are the prime factors of i?
2, 17
Suppose -110*g + 117*g = 17234. What are the prime factors of g?
2, 1231
Suppose -20*t + 66697 = -83083. What are the prime factors of t?
7489
Suppose -5*g + 86510 = -0*u - 5*u, 2*u - 2 = 0. What are the prime factors of (-4)/(-6) + -2*g/(-66)?
3, 5, 7
Suppose -295 = d - 2*r, -r = 3*d - 5*d - 590. Let j = d + 1318. What are the prime factors of j?
3, 11, 31
Let w be (6032976/(-27) - 3) + 36/(-81). What are the prime factors of w/(-1096) - (6/16)/(-3)?
2, 3, 17
Let y = 120 + -158. List the prime factors of (10 + y/4)*(0 + 886).
443
Let h be 5 + 305/(-35) + 4/(-14). Let z = h + 9. Suppose -8*x + 171 = -z*x. What are the prime factors of x?
3, 19
Suppose 0 = 36*m - 43*m + 35. Suppose -6*l - m*j = -2*l - 1689, 0 = -j + 5. What are the prime factors of l?
2, 13
Suppose -18040*b + 18033*b = -86247. What are the prime factors of b?
3, 37
Let x = 1512 - 1070. List the prime factors of x.
2, 13, 17
Suppose 4*q + 2034 = 3*d, 2*d + 4*q = 293 + 1043. List the prime factors of (13/26)/((-2)/(-4))*d.
2, 337
Suppose 4*j + 2480 = -2*t, 0 = -6*j + 5*j + 4*t - 638. Let h = -200 - j. What are the prime factors of h?
2, 211
Suppose 4*p = -u + 1881 + 1276, -4*p = 2*u - 6314. List the prime factors of u.
7, 11, 41
Let d(l) = -57*l - 207. Let j be d(-4). Suppose j*c + 748 = 38*c. What are the prime factors of c?
2, 11
Let j(p) = -5 + 0 - p + 12*p + 10*p. What are the prime factors of j(14)?
17
Let m = 134 + -85. Suppose 0 = 48*r - m*r - 68. What are the prime factors of 18 - (6/(-51) + (-8)/r)?
2, 3
Let z be ((-6)/(-9))/((-4)/18). Let b(y) = -57*y + 13. Let a(t) = -115*t + 24. Let c(l) = -3*a(l) + 7*b(l). What are the prime factors of c(z)?
181
Suppose 38*z = -58*z + 170*z - 524956. What are the prime factors of z?
2, 3547
List the prime factors of (0 + 3)*-1*52730/(-6).
5, 5273
Let j = 38881 + -599. What are the prime factors of j?
2, 19141
Let u = 24 - 19. Let t be 3/3 - (1 - u). Suppose -4*y + 5*x = -124, 4*y - 6*y - t*x = -32. List the prime factors of y.
2, 13
Let h(i) = 6*i**2 + 5*i - 36. Let u be 11 + 5*(-9)/45. What are the prime factors of h(u)?
2, 307
Let n = 29 - 25. Suppose 19*c = 20*c - n. Suppose -5*j - 289 = -c*b, 0*j - 2 = 2*j. List the prime factors of b.
71
What are the prime factors of (-4)/(224/(-574))*488?
2, 41, 61
Let b be (2/(-14))/1 + 154/49. Let v(m) = -2*m + 9. Let a be v(b). Suppose -y = a*y - 648. List the prime factors of y.
2, 3
Suppose -4*w = -2*x - 39040, 0*w + 2*x = 3*w - 29280. List the prime factors of w.
2, 5, 61
Let w(k) = 8*k**2 - 40*k + 12. Let q be w(5). Suppose -2*t + 7*u = q*u - 736, -4*t - 4*u + 1496 = 0. What are the prime factors of t?
2, 3, 7
Suppose 6*j - 28 + 4 = 0. Suppose -4 = 4*k, j*k = -i + 2*k. Suppose -4*q - q + 201 = 3*h, -354 = -5*h - i*q. List the prime factors of h.
2, 3
Let t be ((-2)/4)/((-2)/40). Suppose -5*v + 10 = 0, 0*g - 2*v = -3*g - 49. List the prime factors of g*t/(-15) - 2.
2
Let c(s) = 2452*s**3 - s**2 + 7*s - 7. Let g be c(1). Suppose 14*v - 11*v + 4*q - 2453 = 0, -g = -3*v - 3*q. List the prime factors of v.
5, 163
Let c(y) be the first derivative of y**4/4 + 23*y**3/3 + 11*y**2/2 - 35*y - 314. List the prime factors of c(-19).
2, 3, 5
Let c = -47104 + 81423. List the prime factors of c.
34319
Suppose 0 = 3*y - a + 3*a, a + 5 = y. Let v be y/(14/9) + (-20)/70. What are the prime factors of (1 - -120) + v*2?
3, 41
Let n = -121 + 123. Suppose -n*z = 5*z - 1750. What are the prime factors of z?
2, 5
Let m(v) = v**2 + 5*v + 10. Let t be m(-3). Suppose -t*c - 1716 = 44. What are the prime factors of (4/10)/(2 - (-878)/c)?
2, 11
Le